 Let p = -19 - z. Calculate the remainder when 98 is divided by p.
18
Suppose 3*o = -14 - 55. What is the remainder when 24/4*1*(-4 - o) is divided by 13?
10
Suppose -4*d + 59 = -5. What is the remainder when d is divided by (-92 - -87)/(1/(-2)*(5 - 3))?
1
Let i(c) = -49*c - 582. Calculate the remainder when 981 is divided by i(-13).
46
Let b(t) = -23*t**3 + 48*t + 98. What is the remainder when 441 is divided by b(-2)?
69
Let f = 93 + -89. Suppose 4 = -f*x - 92. Calculate the remainder when (x/10)/((-2)/30) is divided by 19.
17
Suppose -29*u + 558304 = 216481. Calculate the remainder when u is divided by 90.
87
Let o = -8181 - -8228. Suppose 0*q + q = 0. Suppose t + 2*t - 36 = q. What is the remainder when o is divided by t?
11
What is the remainder when 18/(-14) + 46980/84 is divided by 552?
6
Suppose -13552 = -28*m + 12*m. What is the remainder when m is divided by 834?
13
Suppose 13*s = -9*s + 2992. Let k = s + -120. Calculate the remainder when 95 is divided by k.
15
Let t = 39 - -33. Suppose t = w - 115. What is the remainder when w is divided by 48?
43
Let y(n) = -2*n**3 + n**2 + 6*n - 1. Let f be y(0). Let z = f + 22. What is the remainder when 458 is divided by z?
17
Let q = 55 + -53. Suppose 2 + 2 = q*b. Suppose -7*v + 2*w = -12*v + 277, b*w = 5*v - 273. What is the remainder when v is divided by 8?
7
Suppose 87*f - 71552 = -85*f. Calculate the remainder when f is divided by 140.
136
What is the remainder when 1/(12/3828)*1/(-4)*-4 is divided by 10?
9
Let n(s) = 2*s**3 - 4*s**2 + 17*s - 86. Suppose 2*d = 3*u - 94, -4*u + 130 = -5*d - 0*d. Calculate the remainder when n(5) is divided by u.
29
Let c be (24/(-20))/((-6)/(-1220)). Let o = -222 - c. What is the remainder when 36 is divided by o?
14
Let b(u) = -19 + 56*u + 38*u**2 + 13*u**2 - 49*u**2. What is the remainder when 113 is divided by b(-29)?
35
Let x(t) = 734*t + 807. Calculate the remainder when 517 is divided by x(-1).
6
Let z = 344 - 531. What is the remainder when 10 + -12 - (z - 2) is divided by 48?
43
Suppose -2*n = -j + 6, 3*j - 3*n = 8*j + 9. Suppose j = -40*c + 47*c - 182. Suppose q - 1 = 3. Calculate the remainder when c is divided by q.
2
Let w(q) = q**3 + 10*q**2 - 39*q - 141. Calculate the remainder when 474 is divided by w(-5).
116
Let h(m) = 11*m - m**3 + 4*m**2 + 260 + 258 - 521. Let r(c) = -c - 2. Let p be r(-7). What is the remainder when h(p) is divided by 7?
6
Suppose 4*q = 749 + 615. Suppose -4*m + 16 = 0, -7 + q = -k - 5*m. What is the remainder when k/(-7 - -5)*1 is divided by 46?
39
Let j(b) = -5*b**3 - 8*b - 10. What is the remainder when j(-4) is divided by 130?
82
Let r be (-452*(-4 - -3))/2. Suppose 21*a - 26 = r. Suppose -4 = 6*q - 4*q, 76 = 2*c - 4*q. Calculate the remainder when c is divided by a.
10
Let r(t) = t**3 + 6*t**2 - 1. Let a be (-891)/135 + (-6)/(-10). Let g be r(a). Calculate the remainder when g/((4/(-68))/1) is divided by 5.
2
Let p(g) = g**3 + 23*g**2 + 16*g - 53. Let w be p(-22). Suppose f = w - 10. What is the remainder when f is divided by 14?
13
Let p = -13 + -55. What is the remainder when (p/(-5))/(8/20) is divided by ((-177)/7)/(-3) + 628/1099?
7
Suppose -j - 4*j + 798 = 3*v, -5*v + 142 = j. Suppose -2*p = 4*n - j, -4*p = 6*n - 7*n + 36. What is the remainder when 759 is divided by n?
39
Let s(w) = 26*w**2 + 1715*w + 20. What is the remainder when 2750 is divided by s(-66)?
84
Calculate the remainder when (-216)/(((-110)/33)/5) is divided by 114.
96
What is the remainder when 5029 is divided by 2/(-15) + (-209056)/(-2820)?
71
Suppose -14 = 4*m - u - 35, 4*m - 4*u = 12. Let b = m - -12. Let c(a) = a**3 + a**2 - 2*a + 2. Calculate the remainder when c(3) is divided by b.
14
Suppose 9*v = 678 + 186. Suppose -d = -v - 30. Suppose -12*f + d = -9*f. Calculate the remainder when 82 is divided by f.
40
Suppose -5*i = 4*l + 127, -3*l = 6*i - 2*i + 95. Let z(m) = m + 64. Suppose 0 = 3*q + 14 - 65. What is the remainder when z(l) is divided by q?
14
Let p = -76 - 26. Calculate the remainder when 151 is divided by (p/8)/((-2)/8).
49
Suppose h - 11*h + 5410 = 0. Let u = 981 - h. Suppose -u = -6*w + 298. Calculate the remainder when w is divided by 42.
39
Suppose -777 - 1225 = -22*q. Suppose 1465 - 749 = 4*w. Calculate the remainder when w is divided by q.
88
Let f = 21 + -19. Suppose -4*g - 3*h = g - 308, 59 = g - f*h. Let y = 10 + -2. What is the remainder when g is divided by y?
5
Let g(j) = -7*j**2 + 7*j + 2. Let l be g(5). Let b = l - -81. Let z = b + 88. Calculate the remainder when z is divided by 8.
7
Suppose -3*m + 2*r = -10781, 3*m - 144*r = -139*r + 10766. Calculate the remainder when m is divided by 92.
9
Suppose 3*m + 3*g = -2*m - 24, 0 = m - 4*g - 9. Let h = m - -19. Calculate the remainder when 31 is divided by h.
15
Let p(l) = 4*l**2 - 13*l - 5. Let m be 29/(-6) - 4/24 - 1. What is the remainder when p(m) is divided by 44?
41
Let m = -6251 - -6346. Calculate the remainder when m is divided by 70.
25
Let f(y) = -808*y + 114. Suppose -3*m - 2*m + 1670 = 0. Calculate the remainder when m is divided by f(0).
106
Let h = 8133 - 8094. Calculate the remainder when 555 is divided by h.
9
Let l = 19272 + -19265. Suppose -3*u + 0 - 22 = -5*a, 5*a - u = 24. Suppose -l = -2*x - a*x. What is the remainder when 3 is divided by x?
0
Let p = 358 + -232. Suppose -4*l = 5*j - p, -107 = -4*j - 3*l + 6*l. What is the remainder when j is divided by 2?
0
Let f(p) = -72 + 34 + 66 - 2*p. Let v = 89 + -29. What is the remainder when v is divided by f(6)?
12
Let x(c) = 3*c**3 - 7*c**2 + 15*c - 18. Let r = 61 - 35. Calculate the remainder when x(4) is divided by r.
18
Let r(l) = -6*l + 69. Let b be r(18). Let j = b + 87. Calculate the remainder when j is divided by 15.
3
Let x be (24/(-10))/(27/(-90)). Calculate the remainder when 72 is divided by 3*x + (-1 - -2)*-2.
6
Let w(x) be the first derivative of -x**4/4 + x**3/3 + 9*x**2/2 + 127*x + 58. What is the remainder when w(0) is divided by 5?
2
Suppose x + 17 = -5*y, 4*y + 4*x - 3*x = -14. Let f = y - -12. Suppose 11*r - 98 = 89. What is the remainder when r is divided by f?
8
Suppose 23*g = -1755 + 4929. Let h(a) = -48*a**3 - a - 2. What is the remainder when g is divided by h(-1)?
44
Let r = 117 - 47. Suppose -r*f = -67*f - 39. Calculate the remainder when 47 is divided by f.
8
Calculate the remainder when (-77600)/(-76) + (-2)/38 is divided by 11.
9
Let q(p) = 6*p**2 - 25*p - 56. Calculate the remainder when q(10) is divided by 66.
30
Let n = -19 - -26. Let y(r) = r**2 - 10*r + 32. What is the remainder when 74 is divided by y(n)?
8
Suppose -11*l + 9 = -8*l. Suppose -6 - 39 = -l*s. Let q = 40 - s. What is the remainder when q is divided by 9?
7
Suppose -3*p = 2*d + 2*d - 136, 3*d = -5*p + 91. Suppose d - 60 = -t. Let z = 213 + -101. What is the remainder when z is divided by t?
20
Let n be (-1*(3 - 1))/((-6)/174). Let z = -4 - -48. Let h = n - z. What is the remainder when h is divided by 4?
2
Suppose -5*b = y + 17, 5*y - 3*b - 65 = 2*b. Suppose -4*d - 22 = -m + y, -3*m + 68 = -d. What is the remainder when 62 is divided by m?
18
Let x be (-21)/(-12) + -2 + 91/28. Suppose 0*i + x*i - 707 = -5*d, -139 = -d - 3*i. Let g = 68 + -32. Calculate the remainder when d is divided by g.
34
Let p(b) = b**2 + 30*b + 59. Suppose -26*f + 41*f + 420 = 0. Calculate the remainder when 64 is divided by p(f).
1
Let n = 172 + -172. Suppose -78 = -4*g - h, n = -g + 4*h + 20 - 9. Let q = 89 + -37. What is the remainder when q is divided by g?
14
Let r = -28925 - -29303. Calculate the remainder when 2636 is divided by r.
368
Let l(p) = p**3 - 10*p**2 - 6*p. Let i be l(10). Let j(c) = 2*c**2 + 38*c - 31. Let u be j(-19). Let f = u - i. What is the remainder when f is divided by 16?
13
Let s(i) be the second derivative of -i**5/20 - i**4/12 + 8*i**3/3 - 3*i**2 + 22*i. Calculate the remainder when 0 - (-9 + 0)*6 is divided by s(-5).
12
Let w(h) = -h**3 + 9*h**2 + 12*h - 6. Let o be w(10). Suppose -o*t = -15*t + 4. Calculate the remainder when 165 is divided by t.
1
Let j = -60 - -143. What is the remainder when 1078 is divided by j?
82
Let n = -1016 + 1019. Suppose 2*l - n*l = -m + 30, 3*m - 70 = -2*l. Calculate the remainder when 304 is divided by m.
18
Let d(p) = 14*p - 30. Let o be d(-5). What is the remainder whe